y 3147?
2507
What is the remainder when 152396772 is divided by 120?
12
Calculate the remainder when 45031 is divided by 19564.
5903
Calculate the remainder when 80478853 is divided by 12410.
3
Calculate the remainder when 5205556 is divided by 48.
4
Calculate the remainder when 93673596 is divided by 262391.
9
What is the remainder when 97587477 is divided by 510?
507
Calculate the remainder when 61546 is divided by 2929.
37
What is the remainder when 976615 is divided by 259?
185
Calculate the remainder when 772760399 is divided by 100.
99
Calculate the remainder when 102841 is divided by 101270.
1571
What is the remainder when 19894435 is divided by 9947215?
5
Calculate the remainder when 9260624 is divided by 103.
100
What is the remainder when 184590 is divided by 262?
142
Calculate the remainder when 213187 is divided by 2029.
142
Calculate the remainder when 13119 is divided by 4302.
213
What is the remainder when 152518263 is divided by 451?
436
What is the remainder when 113559 is divided by 36594?
3777
Calculate the remainder when 266312 is divided by 203.
179
Calculate the remainder when 12865967 is divided by 21479.
46
What is the remainder when 9843902 is divided by 627?
2
What is the remainder when 51341 is divided by 694?
679
Calculate the remainder when 5652705 is divided by 314031.
147
Calculate the remainder when 4769162 is divided by 61937.
13
Calculate the remainder when 241273 is divided by 30.
13
Calculate the remainder when 818274 is divided by 7306.
2
What is the remainder when 956318 is divided by 293?
259
What is the remainder when 872025 is divided by 871967?
58
Calculate the remainder when 13999 is divided by 929.
64
What is the remainder when 7378 is divided by 7213?
165
Calculate the remainder when 16179273 is divided by 34.
33
What is the remainder when 323535 is divided by 24753?
1746
Calculate the remainder when 32714 is divided by 598.
422
Calculate the remainder when 120543484 is divided by 19143.
13
Calculate the remainder when 8921434 is divided by 630.
4
What is the remainder when 23473135 is divided by 197253?
28
What is the remainder when 1927039 is divided by 13?
10
Calculate the remainder when 1690428 is divided by 324.
120
What is the remainder when 1524704 is divided by 281?
279
Calculate the remainder when 10553416 is divided by 5412.
16
What is the remainder when 36636134 is divided by 934?
918
What is the remainder when 133980 is divided by 19073?
469
Calculate the remainder when 1200777 is divided by 10005.
177
What is the remainder when 2422113 is divided by 2153?
2141
What is the remainder when 65001087 is divided by 57?
54
What is the remainder when 870058 is divided by 434990?
78
Calculate the remainder when 6560731 is divided by 3280348.
35
Calculate the remainder when 227502 is divided by 75834.
0
Calculate the remainder when 20862 is divided by 19893.
969
Calculate the remainder when 547947 is divided by 99.
81
What is the remainder when 3438227 is divided by 245584?
51
Calculate the remainder when 56816 is divided by 199.
101
What is the remainder when 1542264 is divided by 13787?
11907
What is the remainder when 52370496 is divided by 70?
66
What is the remainder when 123150 is divided by 25?
0
What is the remainder when 17230301 is divided by 607?
606
What is the remainder when 7811784 is divided by 1001?
981
Calculate the remainder when 103261 is divided by 25705.
441
Calculate the remainder when 67900867 is divided by 17.
11
What is the remainder when 32334 is divided by 2473?
185
What is the remainder when 1401309 is divided by 60913?
310
Calculate the remainder when 3765400 is divided by 9857.
26
Calculate the remainder when 1318964 is divided by 19981.
218
Calculate the remainder when 1581217 is divided by 461.
448
What is the remainder when 585745 is divided by 25?
20
What is the remainder when 23062 is divided by 1024?
534
What is the remainder when 1505037 is divided by 131?
109
What is the remainder when 1466864 is divided by 733418?
28
What is the remainder when 3420 is divided by 1121?
57
What is the remainder when 10855963 is divided by 245?
13
Calculate the remainder when 3692072 is divided by 1142.
1128
What is the remainder when 7864 is divided by 2136?
1456
Calculate the remainder when 34949281 is divided by 11649758.
7
What is the remainder when 23077944 is divided by 20999?
43
What is the remainder when 23132 is divided by 1254?
560
Calculate the remainder when 29230646 is divided by 2657328.
38
Calculate the remainder when 178609479 is divided by 89304732.
15
What is the remainder when 3098916 is divided by 619705?
391
What is the remainder when 492368 is divided by 298?
72
Calculate the remainder when 58870 is divided by 1619.
586
Calculate the remainder when 4058387 is divided by 144941.
39
Calculate the remainder when 128647 is divided by 63453.
1741
Calculate the remainder when 431700 is divided by 22.
16
Calculate the remainder when 760756 is divided by 7178.
7066
What is the remainder when 6319 is divided by 1383?
787
What is the remainder when 464695 is divided by 20585?
11825
What is the remainder when 2029598 is divided by 10?
8
Calculate the remainder when 3947238 is divided by 5385.
33
Calculate the remainder when 8950013 is divided by 101.
100
Calculate the remainder when 101333 is divided by 2799.
569
What is the remainder when 3801786 is divided by 12715?
1
Calculate the remainder when 13504542 is divided by 19.
7
Calculate the remainder when 100287 is divided by 11141.
18
What is the remainder when 171970 is divided by 1717?
270
Calculate the remainder when 182213 is divided by 91068.
77
Calculate the remainder when 134406 is divided by 393.
0
Calculate the remainder when 53636872 is divided by 4328.
4296
Calculate the remainder when 3137600 is divided by 4059.
4052
Calculate the remainder when 16305537 is divided by 206399.
16
Calculate the remainder when 4368140 is divided by 5264.
4284
Calculate the remainder when 3139787 is divided by 66.
35
What is the remainder when 201043495 is divided by 842?
839
Calculate the remainder when 77308 is divided by 1207.
60
Calculate the remainder when 11560092 is divided by 89613.
15
What is the remainder when 324546 is divided by 4123?
2952
What is the remainder when 4336244 is divided by 38?
26
What is the remainder when 4566177 is divided by 415105?
22
What is the remainder when 234271 is divided by 988?
115
Calculate the remainder when 45189 is divided by 8461.
2884
Calculate the remainder when 33346309 is divided by 10035.
4
What is the remainder when 4241999 is divided by 492?
467
What is the remainder when 7223013 is divided by 35?
28
What is the remainder when 10572488 is divided by 12?
8
Calculate the remainder when 24825453 is divided by 3103175.
53
Calculate the remainder when 15506427 is divided by 188.
187
Calculate the remainder when 12007041 is divided by 112.
81
What is the remainder when 7329 is divided by 48?
33
Calculate the remainder when 4825573 is divided by 1116.
1105
Calculate the remainder when 4411933 is divided by 83.
68
Calculate the remainder when 21650592 is divided by 1358.
1356
What is the remainder when 16722283 is divided by 5508?
5503
What is the remainder when 1506385 is divided by 11768?
81
Calculate the remainder when 63664 is divided by 525.
139
Calculate the remainder when 108389 is divided by 26858.
957
Calculate the remainder when 2386070 is divided by 4519.
38
What is the remainder when 1286223 is divided by 288?
15
What is the remainder when 29817116 is divided by 1738?
1726
Calculate the remainder when 15102270 is divided by 260.
170
What is the remainder when 1342806 is divided by 2201?
196
Calculate the remainder when 616674410 is divided by 173.
167
Calculate the remainder when 113762 is divided by 1362.
716
What is the remainder when 178365 is divided by 3?
0
Calculate the remainder when 65715 is divided by 21439.
1398
Calculate the remainder when 2983 is divided by 350.
183
Calculate the remainder when 1497506 is divided by 89.
81
Calculate the remainder when 1036345 is divided by 1275.
1045
Calculate the remainder when 178961 is divided by 59639.
44
Calculate the remainder when 153632305 is divided by 275.
255
Calculate the remainder when 611505 is divided by 